*12/6. Suppose 2*r + 3*l - q = -0*r, 80 = r - 2*l. Suppose -4*f = n - r, 2*f - 3*n - 44 = -7*n. List the prime factors of f.
2, 3
Suppose 607 = -5*o + 652. Suppose -6844 + 1669 = -o*x. List the prime factors of x.
5, 23
Let t(b) = 796*b**3 + b**2 - 3*b - 4. Let z be t(-1). Let m = z + 1728. What are the prime factors of m?
2, 233
Let t(q) = 26*q + 25*q - 32*q + 33*q + 60*q - 1. What are the prime factors of t(2)?
223
Suppose -11*i = 7427 - 2158. Let k = 1309 + i. What are the prime factors of k?
2, 5, 83
Let i = -171 - -264. Suppose 7*a - 2*a - 279 = 3*p, 0 = p + 5*a + i. Let b = 131 + p. What are the prime factors of b?
2, 19
Let l be (16/(-20))/(1/50). What are the prime factors of (-30)/(l/(-45) - 1)?
2, 3, 5
List the prime factors of (720/(-168))/(4/(-1407))*1*12.
2, 3, 5, 67
Let q(u) = 9*u**2 - 11*u + 111. Suppose 17*d + 12*d - 203 = 0. List the prime factors of q(d).
5, 19
Suppose 5*y + 3*f - 96 = 0, 3*y + 4*f = f + 60. Let d = 118 + y. What are the prime factors of d?
2, 17
Let j(x) = 2*x**3 - 15*x**2 - 13*x - 32. Let y be j(11). Suppose -m - 4*h + y = 0, -34*h + 31*h - 3406 = -5*m. List the prime factors of m.
2, 5, 17
Suppose -36*m + 5*j = -31*m - 3300, -3*j - 1323 = -2*m. Suppose 4*v - 2*h = 2854, 3*v + 4*h = -m + 2803. List the prime factors of v.
2, 3, 7, 17
What are the prime factors of ((-6)/(-7))/(315/(-1111390)*8/(-126))?
3, 15877
Let x(m) = 4*m**2 + 9*m + 8. Let j(a) = -a**2 - 2*a - 8. Let i be j(-2). What are the prime factors of x(i)?
2, 3
Let d(w) = w**2 - 8*w + 16. Let k be d(5). What are the prime factors of 1 + 0 - (2 + -343)/k?
2, 3, 19
Let l = 27072 - 16481. What are the prime factors of l?
7, 17, 89
Suppose 0 = 3*s - 2*l - 3900, 4083 = 3*s + 5*l + 162. What are the prime factors of s?
2, 3, 7, 31
Let z be (-1)/1*(0 - 4145). Suppose 3119 = 8*q - z. What are the prime factors of q?
2, 227
Suppose q = 3*b + 16, 4*q + 5*b + 47 - 43 = 0. Suppose 3129 = 5*t + m - 1289, 2*t = q*m + 1776. What are the prime factors of t?
2, 13, 17
Suppose 0 = l - 1, -8961 + 1988 = 3*j - 4*l. Let g = -1519 - j. What are the prime factors of g?
2, 3, 67
Suppose 0*w - 24 = 3*w. Let p be (636/w)/(6/8). Let v = p - -209. List the prime factors of v.
103
Let j = 42035 + 25893. List the prime factors of j.
2, 7, 1213
Let m(x) = 0 + 26*x + 11*x - 58*x + 1. List the prime factors of m(-18).
379
Let j(p) = -73*p**3 + 5*p**2 + 12*p + 83. List the prime factors of j(-6).
15959
Let c(j) = -2983*j + 15289. List the prime factors of c(-12).
5, 17, 601
Let g = 154 + 8. Suppose 0*l = -l - g. List the prime factors of (l/15)/(1/(-5)).
2, 3
Suppose 0 = -24*s + 12*s + 276. Suppose 0 = s*d - 7*d - 10256. List the prime factors of d.
641
Let z = -2958 - -2961. Let d(s) = -20*s**2 - s - 3. Let m(k) = -21*k**2 - k - 2. Let c(n) = -3*d(n) + 2*m(n). What are the prime factors of c(z)?
2, 5, 17
Suppose -2*b = -3*o + 3000, -3*b - b = 2*o - 2000. Suppose 16*i - 5736 = -o. What are the prime factors of i?
2, 37
Suppose -3*y + 9*y = -360. Let l = -68 - y. Let q(u) = -2*u. What are the prime factors of q(l)?
2
Suppose 3*z - 213 = -2*q, 0 = -4*z + 5*q + 187 + 74. Suppose 8*b = 395 + z. What are the prime factors of b?
2, 29
Let u(m) = 18*m**3 - m**2 - 7*m + 13. Let s = -328 + 331. What are the prime factors of u(s)?
7, 67
Suppose 0 = -5*s + 4*b + 263016, 277523 = 4*s + b + 67127. What are the prime factors of s?
2, 5, 263
Let y(j) = 1467*j - 49. Let l be 38/42 + 66/693. What are the prime factors of y(l)?
2, 709
Let v(t) = 228*t - 1. Let y be v(1). Let w be (-184)/115 + (-1989)/(-15). Let r = y - w. List the prime factors of r.
2, 3
Let z be 16*(24/156 + (-9)/(-26)). List the prime factors of (-1 + 3 - (-10 + z)) + 345.
349
Suppose 2*w - 31 = -5*m, -14*w = -10*w - 4*m - 20. Let k(v) = v**3 - 8*v**2 + 7. Let a be k(w). Let s = 81 - a. List the prime factors of s.
2, 37
List the prime factors of (1706/(-2))/((-130)/520).
2, 853
Suppose y = 2*a - 321, -2*a + 2*y = -4*a + 336. Let z be (-4)/80*-4 - (-139)/5. Let r = z + a. What are the prime factors of r?
191
Let x = 9414 + -2520. What are the prime factors of x?
2, 3, 383
Let x = -5115 + 5549. What are the prime factors of x?
2, 7, 31
Let p(v) = -15*v + 3000. List the prime factors of p(-7).
3, 5, 23
Let g = -39753 - -75566. List the prime factors of g.
59, 607
Suppose 0 = -9*g + 3107 + 1132. Suppose -257 = -2*h + g. Suppose -29*d = -25*d - h. List the prime factors of d.
7, 13
Let y = -17371 + 30869. List the prime factors of y.
2, 17, 397
What are the prime factors of (6/((-18)/(-3309)))/(2*(-1)/(-18))?
3, 1103
Let t(u) = -2*u - 4. Let n(v) = v + 2. Let l(c) = -5*n(c) - 3*t(c). Let x be l(1). List the prime factors of (-1 + 4)/x - (-114)/1.
5, 23
Let r = 174861 - 113392. What are the prime factors of r?
61469
Let a be -70 + 60 - 20*-1. Suppose -3*x - 43 + 1 = 0. Let c = a - x. What are the prime factors of c?
2, 3
Let p = 11 - 9. Let n(q) = -4*q**2 + 5*q. Let u be n(p). What are the prime factors of 2505/10*(-4)/u?
167
Suppose 46 = n + 41. Suppose -q = -2*x - 450, 2*q - 7*q + n*x = -2230. What are the prime factors of q?
2, 13, 17
Let j = 5948 - -23175. What are the prime factors of j?
29123
Let x = -9960 - -11352. List the prime factors of x.
2, 3, 29
Let c be (-13)/(-1 - -1 - 7/14). Suppose -3*h = a - 5*a + 40, h + 5*a = -c. Let f(k) = k**3 + 17*k**2 + 10*k - 9. What are the prime factors of f(h)?
3, 29
Let u = 130251 - 83756. List the prime factors of u.
5, 17, 547
What are the prime factors of (-1915 + (12 - 9))*(-1)/1?
2, 239
Suppose 0 = 6*o - 2*o - 4. Let c(y) = 4212 + 182*y**2 - 4214 + 2*y - y. List the prime factors of c(o).
181
Let l(p) = -144*p**3 - 12*p**2 - 32*p + 3. List the prime factors of l(-4).
5, 1831
Let d(h) be the first derivative of -41*h**2 + 46*h + 43. What are the prime factors of d(-20)?
2, 3, 281
Suppose -3*h - 2*k + 5*k - 6 = 0, 2*h = 3*k - 8. Suppose -h*v + 6 = -v. Suppose 0 = -v*d + 10*d - 20. What are the prime factors of d?
5
Suppose 25*n - 818557 - 685475 = -200957. List the prime factors of n.
47, 1109
Let t = 38 + -36. Suppose f + t = 4*o, -4*f + 2*o + 0*o = -6. Suppose -2*q + 429 = 5*p, 2*q + 6*p - 424 = f*p. List the prime factors of q.
2, 101
Suppose 0 = -9*b + 13*b - 12. Suppose b*s + 253 = 5*r, -5*s - 4 = -24. Suppose 0 = -w - r + 125. What are the prime factors of w?
2, 3
Let l = -24012 + 42386. What are the prime factors of l?
2, 9187
Let o(w) = -w**2 + 2*w + 22. Let x be o(5). Suppose -g + x*g = 18. Suppose -5*c = g*c - 1096. What are the prime factors of c?
137
Let h(s) = -s**2 + 50*s + 159. Let j = 232 - 192. List the prime factors of h(j).
13, 43
Let b = 77 - 73. Suppose -b*g - 62 = -6*g. Suppose -2*f - 4*c + 3*c = -g, -3*c - 3 = 0. What are the prime factors of f?
2
Suppose 303 + 228 = 3*v - 3*i, 3*v - 5*i - 529 = 0. Let p = -120 + v. Let l = 169 - p. List the prime factors of l.
3, 37
Let l(d) = 1082*d**3 + 6*d**2 + 20*d - 35. List the prime factors of l(2).
3, 5, 193
Let h = 715 + -684. Suppose 5*q + 11 = h, f + q - 1167 = 0. What are the prime factors of f?
1163
Let v(a) = 97*a**3 + 4*a - 2. Let w be v(2). Let n = -449 + w. List the prime factors of n.
3, 37
Let p = 3 - 39. Let y = p + 214. List the prime factors of y.
2, 89
Suppose 0 = -3*n - d + 132, -3*d = n - 28 - 8. Suppose -4*v + u = -n, -2*v = -u - 24 - 1. Suppose 13*y = v*y + 381. List the prime factors of y.
127
Suppose 18*l = -28*l + 36248. Let y = l + 61. What are the prime factors of y?
3, 283
Let x be (0 - 1 - -1)/3 + 349. Suppose -6*y + x = 1129. Let p = y - -224. What are the prime factors of p?
2, 47
Suppose 5*c - 145 = -w, 2*c = -3*w + 447 - 51. Let y = w + 440. Suppose 0*b = 3*b - y. What are the prime factors of b?
2, 5, 19
Let b be (-246638)/(-22) + 6*6/198. Suppose -41*z + 4*z + b = 0. What are the prime factors of z?
3, 101
Let o(z) = -z**3 - 8*z**2 + 2*z - 5. Let i = -90 + 83. Let g be o(i). What are the prime factors of g/(((-12)/(-16))/((-3)/2))?
2, 17
Let b = 1311 - -1328. Let c be -1*1 - (3 - 6). What are the prime factors of b/35 + (c - 36/15)?
3, 5
Let k be ((-113)/2 + 0)/(8/(-16)). Let i = k - -95. Let r = i - 114. What are the prime factors of r?
2, 47
What are the prime factors of 1810 + (-13 + 12)*8?
2, 17, 53
Let h(o) = 4*o + 35. Let q be h(-8). Let w be 6 + -112 - (q - 4). Let a = w - -1